2 - 19*x - 23. What are the prime factors of f(20)?
397
Let h(j) = -j**3 + 30*j**2 + 17*j + 88. What are the prime factors of h(29)?
2, 3, 79
Suppose 2*r = -3*z + 1110 + 2967, -r + 4*z = -2033. List the prime factors of r.
3, 7, 97
Let x = 13 - 11. Suppose -x*r + 0*r + 2 = 0. List the prime factors of 12/r + 0 + -1.
11
Let c(a) = a**2 - 6*a + 3. Let t = 34 - 32. Suppose 0 = 4*z - 3*k - 32, 0*k + 4*k + 16 = t*z. List the prime factors of c(z).
19
Suppose -2*t + 14 = 4. List the prime factors of (1 - -22)/(t/15).
3, 23
Let z be (-64)/(-28) + 6/(-21). Suppose -2*l = 2*m - 6*m - 144, 0 = -l - z*m + 68. Suppose -l = -5*i + 3*o, 4*i + o - 113 = -40. List the prime factors of i.
17
Suppose 0 = -2*q + 2*g + 595 + 649, 5*q = 4*g + 3106. List the prime factors of q.
2, 3, 103
Suppose 5*m + 1338 = 4*k - 629, 0 = 4*k - 3*m - 1961. What are the prime factors of k?
2, 61
List the prime factors of 583/((-6)/(-14) + 6/(-63)).
3, 11, 53
Let t(u) = -u**2 - 9*u - 13. Let w be t(-9). Suppose -45 = -4*d + d. Let q = d - w. List the prime factors of q.
2, 7
Suppose -5*y = -4*m + 3732, 8*y = 3*m + 5*y - 2796. List the prime factors of m.
2, 29
Let k(u) = -u**2 - 6*u. Let d be 10/(-3)*24/16. Let c be k(d). Suppose -2*s = 2*s - c*m - 44, 5*s - 2*m - 38 = 0. List the prime factors of s.
2, 3
Suppose -14364 = 6*r - 24*r. List the prime factors of r.
2, 3, 7, 19
Let d = -1873 + 3153. What are the prime factors of d?
2, 5
Suppose -3*k - 2*k + 225 = 0. Let p = 15 - k. List the prime factors of 135/p*-1*2.
3
Let c = 55 + -139. Let l be c/5*(-4 + -1). List the prime factors of (-24)/l + 100/7.
2, 7
Suppose 3*v - 5 + 17 = 0. Let b = v - -6. Suppose b*l - 28 = -o - 0*l, 4*l + 4 = 0. What are the prime factors of o?
2, 3, 5
Suppose 2*j = -5*u + 491, -2*u = -4*u + 4*j + 182. List the prime factors of u.
97
Let b be (-185)/15*(-4 + 7). Let j = 57 + b. Suppose -r = 3*r - j. What are the prime factors of r?
5
Let k = 155 + -95. List the prime factors of (2 + 16)*k/9.
2, 3, 5
Suppose 3*l = -h + 2287 + 2963, 0 = -2*h + 2*l + 10468. What are the prime factors of h?
2, 3, 97
Suppose 0 = 9*n - 22*n + 3978. What are the prime factors of n?
2, 3, 17
Suppose -2004 + 1488 = -g. List the prime factors of g.
2, 3, 43
Let k(z) = -82*z - 934. What are the prime factors of k(-28)?
2, 3, 227
Suppose -2*m = 3*m + 15. List the prime factors of 1248/(-72)*m/2.
2, 13
Let y(j) = j**2 + 31*j + 28. Let g be y(-29). Let t(o) = 16*o - 2. Let a be t(4). Let q = a + g. What are the prime factors of q?
2
Let l(s) = s**3 + 5*s**2 - 5*s - 6. Let o be (-25)/(-4) + 2/(-8). Suppose -10*v = -o*v + 20. What are the prime factors of l(v)?
19
Let z = -259 - -667. What are the prime factors of z?
2, 3, 17
Suppose -4*v - 3*t + t = 134, 5*v + 184 = 3*t. Let m = v + 20. What are the prime factors of 2 + (4 + -2 - m)?
19
Suppose 7*a = 5*a - 10. Let g = a + 15. Suppose -v + 107 = 4*u, -v = v + g. What are the prime factors of u?
2, 7
Let z(s) be the first derivative of 3*s**3 - s**2 - s + 2. Suppose -20*b = -23*b - 3. What are the prime factors of z(b)?
2, 5
Let t be (-4)/((-24)/75)*6. Let u be -4 + t + -3 + 1. Let q = -35 + u. List the prime factors of q.
2, 17
Suppose -599 = -12*j + 1489. What are the prime factors of j?
2, 3, 29
Let j = -953 - -1588. List the prime factors of j.
5, 127
Suppose c = 1, 4*w = -5*c - 8 + 25. Let u(j) be the first derivative of j**3/3 - 1. What are the prime factors of u(w)?
3
Let t(m) be the first derivative of 7*m**3/3 - 4*m - 15. List the prime factors of t(-2).
2, 3
Let h be -2*(1 - (-2 - -5)). Let p(v) = v**2 - 19*v + 24. Let w be p(18). Let f = w + h. What are the prime factors of f?
2, 5
Suppose 4*i = 37 + 19. Suppose -q - i + 31 = 0. List the prime factors of q.
17
Let j(h) = -h**3 + 10*h**2 - 10*h + 11. Let o be (6/(-8))/((-6)/72). Let s be j(o). Suppose s*f - 38 = f - 5*q, 0 = 2*q + 6. List the prime factors of f.
53
Suppose -h - 2*h - 2*l + 14 = 0, -5*l + 5 = 0. Suppose 0*f = h*f - 304. List the prime factors of f.
2, 19
Let g = -1 - 2. What are the prime factors of (98/6)/(38/12 + g)?
2, 7
Let d be (-12)/(-4)*11/1. Suppose -d = -5*q - y, y = 6*y - 15. Suppose q*u - 147 - 105 = 0. List the prime factors of u.
2, 3, 7
Let a = 54 - 53. Suppose 0 = -2*l + 3*j + 53, l - 4*j = -l + 56. Let q = a + l. What are the prime factors of q?
23
Let t = -127 - -227. What are the prime factors of t?
2, 5
Let d = 202 + -73. List the prime factors of d.
3, 43
Let s = 38 + 411. What are the prime factors of s?
449
Let r(t) = t**2 + 6*t - 23. Let h be r(-7). What are the prime factors of h/8*((-375)/(-6))/(-5)?
5
List the prime factors of -4 + (3486 - 2 - (-41 - -40)).
59
Let p(k) = 34*k + 230. What are the prime factors of p(13)?
2, 3, 7
Let u(o) = -o**3 + 13*o**2 + 14*o + 3. Let t be u(14). Suppose 0*i = -i + t*g - 3, -5*i - 3*g + 39 = 0. List the prime factors of i/(-18) - 188/(-6).
31
Let a(j) = -j**2 - 18*j - 42. Let h be a(-15). Suppose 4 + 9 = h*y + 5*t, -4*t - 49 = -3*y. What are the prime factors of y?
11
List the prime factors of 2248544/754 - (-1)/((-39)/6).
2, 3, 7, 71
Suppose -273*o + 226*o + 136206 = 0. What are the prime factors of o?
2, 3, 7, 23
Suppose 35*f = 30*f + 15. Suppose 0 = 3*z - 4*z + 3*u + f, -5*u = 0. Suppose -2*t - z*t = -255. What are the prime factors of t?
3, 17
Suppose -24 = -2*c - v + 1, -v + 47 = 4*c. Let h = c - 22. What are the prime factors of 6/(-33) + (-376)/h?
2, 17
Suppose -5 = 3*p + 2*p, -4*h + p = -13. What are the prime factors of 3 - (3 + 0)/h?
2
Let l(u) be the third derivative of u**4/8 - 13*u**3/3 + 13*u**2. List the prime factors of l(17).
5
Let m(p) = 12*p + 20. List the prime factors of m(27).
2, 43
Let j be (-4)/2 + 0 + -41. Let c be 21*((-28)/12)/7. Let f = c - j. List the prime factors of f.
2, 3
Let q = -198 + 623. List the prime factors of q.
5, 17
Let d(h) be the first derivative of 2*h**2 - 16*h + 1. Suppose 3*m + 4*g = 37, -3*g + 22 - 3 = m. List the prime factors of d(m).
2, 3
Let g(o) = 418*o**2 + 97*o + 3. What are the prime factors of g(-3)?
2, 3, 193
Let c be (-2)/(1*2/15). Let j be 20/c*(-6)/2. What are the prime factors of -3 + 3 + 96/j?
2, 3
Let s(u) = u**3 + u**2 - 7*u + 5. Let n be s(2). Suppose -x + 842 = 5*y, -3*y + n*x + 490 + 26 = 0. What are the prime factors of y?
13
Suppose 0 = 3*b + 2*r - 4, 0 = b + r - 5*r - 6. What are the prime factors of b + (-5)/(-10)*26?
3, 5
Let x be 407 - ((-10)/25 + 8/(-5)). Suppose 21 - x = -2*a. What are the prime factors of a?
2, 97
Suppose -5*y = -151 - 124. Suppose y = 5*c - 50. What are the prime factors of c?
3, 7
List the prime factors of 96577/114 + (-15)/(-18) + -1.
7, 11
Suppose -5*a + 5*m + 1680 = 0, 3*a - 4*m - 672 = a. Suppose -a = -2*f - z + 123, 2*f + 3*z = 453. What are the prime factors of f?
3, 7, 11
Let d(n) = -n + 15. Let m be d(-11). Let i = 30 - m. List the prime factors of i.
2
Suppose 0 = -5*o - t + 8935 + 3322, 2*o - t = 4900. List the prime factors of o.
3, 19, 43
Let u(f) = f**3 + 13*f**2 + 11*f + 41. What are the prime factors of u(-6)?
227
Let b be (-4)/2 - (-1 - 3). Suppose 2*a + 33 - 153 = -b*h, -2*h - 5*a + 123 = 0. List the prime factors of h.
59
Let r = -1498 - -2246. List the prime factors of r.
2, 11, 17
Let v = 824 - -1936. List the prime factors of v.
2, 3, 5, 23
What are the prime factors of 11/((-66)/24) - -501?
7, 71
Let p be ((-16)/(-20))/(31/(-10) - -3). What are the prime factors of (1 + -1)/(7 + p) - -5?
5
Let z(d) = -326*d + 14. What are the prime factors of z(-1)?
2, 5, 17
Let a(i) = 7*i**2 + 9*i + 6. Let u(y) = -y**2 - y - 1. Let b(d) = a(d) + 6*u(d). Let t be b(9). Suppose 2*h = -h + t. What are the prime factors of h?
2, 3
Suppose 0 = 395*z - 374*z - 15960. List the prime factors of z.
2, 5, 19
Let y = 17 + -13. Suppose -20 = 4*x - y. Let m = 17 + x. List the prime factors of m.
13
Suppose -5*v - 3*a = -2191, 1248 = 2*v + 4*a + 380. List the prime factors of v.
2, 5, 11
Let j be 7 + (-9)/3*1. Suppose -q = -20 + j. List the prime factors of q.
2
Let z(t) = 5*t**2 + 9*t + 4. List the prime factors of z(-3).
2, 11
Let z(y) = 3*y**2 - 34*y + 226. What are the prime factors of z(14)?
2, 13
Suppose 0 = -t + 5*c - 22, 5*t = -0*c + c + 10. Let q(a) = a**3 - 4*a**2 + 6*a - 10. Let s be q(t). What are the prime factors of s*((-1 - 41) + 1)?
41
Let h = 3